actors of 110885.
5, 67, 331
What are the prime factors of 15114?
2, 3, 11, 229
What are the prime factors of 71?
71
What are the prime factors of 563?
563
List the prime factors of 311.
311
What are the prime factors of 26550?
2, 3, 5, 59
What are the prime factors of 1126?
2, 563
What are the prime factors of 5141?
53, 97
List the prime factors of 278.
2, 139
List the prime factors of 9400.
2, 5, 47
What are the prime factors of 163?
163
What are the prime factors of 2199?
3, 733
List the prime factors of 726.
2, 3, 11
List the prime factors of 22258.
2, 31, 359
List the prime factors of 3460.
2, 5, 173
List the prime factors of 961.
31
What are the prime factors of 275?
5, 11
List the prime factors of 9656.
2, 17, 71
List the prime factors of 3010.
2, 5, 7, 43
What are the prime factors of 1297?
1297
What are the prime factors of 2160?
2, 3, 5
List the prime factors of 1920.
2, 3, 5
List the prime factors of 1805.
5, 19
What are the prime factors of 1522?
2, 761
List the prime factors of 15130.
2, 5, 17, 89
List the prime factors of 2917.
2917
What are the prime factors of 6452?
2, 1613
List the prime factors of 1894.
2, 947
List the prime factors of 25602.
2, 3, 17, 251
List the prime factors of 1401.
3, 467
What are the prime factors of 23821?
7, 41, 83
What are the prime factors of 5260?
2, 5, 263
What are the prime factors of 80753?
23, 3511
What are the prime factors of 114074?
2, 57037
List the prime factors of 3832.
2, 479
What are the prime factors of 23359?
7, 47, 71
List the prime factors of 2782.
2, 13, 107
List the prime factors of 568.
2, 71
List the prime factors of 1349.
19, 71
List the prime factors of 36901.
36901
What are the prime factors of 5488?
2, 7
List the prime factors of 3494.
2, 1747
List the prime factors of 7656.
2, 3, 11, 29
What are the prime factors of 77007?
3, 7, 19, 193
What are the prime factors of 733?
733
What are the prime factors of 1191?
3, 397
What are the prime factors of 192?
2, 3
List the prime factors of 2094.
2, 3, 349
List the prime factors of 101524.
2, 17, 1493
List the prime factors of 6138.
2, 3, 11, 31
What are the prime factors of 36595?
5, 13, 563
List the prime factors of 35397.
3, 19, 23
What are the prime factors of 854?
2, 7, 61
List the prime factors of 40521.
3, 13, 1039
List the prime factors of 1908.
2, 3, 53
List the prime factors of 104050.
2, 5, 2081
What are the prime factors of 767?
13, 59
What are the prime factors of 1678?
2, 839
What are the prime factors of 1308?
2, 3, 109
List the prime factors of 1592.
2, 199
What are the prime factors of 29172?
2, 3, 11, 13, 17
What are the prime factors of 14205?
3, 5, 947
List the prime factors of 4473.
3, 7, 71
List the prime factors of 8242.
2, 13, 317
List the prime factors of 1925.
5, 7, 11
What are the prime factors of 33105?
3, 5, 2207
List the prime factors of 10194.
2, 3, 1699
What are the prime factors of 6338?
2, 3169
List the prime factors of 72.
2, 3
What are the prime factors of 5399?
5399
What are the prime factors of 650?
2, 5, 13
What are the prime factors of 1886?
2, 23, 41
List the prime factors of 36349.
163, 223
List the prime factors of 7949.
7949
List the prime factors of 4972.
2, 11, 113
What are the prime factors of 3450?
2, 3, 5, 23
List the prime factors of 669.
3, 223
List the prime factors of 11468.
2, 47, 61
List the prime factors of 2906.
2, 1453
What are the prime factors of 7551?
3, 839
What are the prime factors of 722?
2, 19
List the prime factors of 1352.
2, 13
What are the prime factors of 6768?
2, 3, 47
List the prime factors of 12896.
2, 13, 31
What are the prime factors of 124?
2, 31
List the prime factors of 20184.
2, 3, 29
List the prime factors of 1520.
2, 5, 19
What are the prime factors of 13688?
2, 29, 59
List the prime factors of 1606.
2, 11, 73
List the prime factors of 76975.
5, 3079
List the prime factors of 1288.
2, 7, 23
What are the prime factors of 1167?
3, 389
What are the prime factors of 1283?
1283
What are the prime factors of 106?
2, 53
List the prime factors of 80.
2, 5
List the prime factors of 871.
13, 67
What are the prime factors of 48398?
2, 7, 3457
What are the prime factors of 1396?
2, 349
List the prime factors of 7250.
2, 5, 29
What are the prime factors of 1145?
5, 229
List the prime factors of 13858.
2, 13, 41
List the prime factors of 44204.
2, 43, 257
What are the prime factors of 5351?
5351
List the prime factors of 4861.
4861
What are the prime factors of 9971?
13, 59
List the prime factors of 4705.
5, 941
List the prime factors of 728.
2, 7, 13
What are the prime factors of 38520?
2, 3, 5, 107
List the prime factors of 990.
2, 3, 5, 11
What are the prime factors of 12112?
2, 757
What are the prime factors of 72728?
2, 9091
List the prime factors of 80329.
80329
What are the prime factors of 1689?
3, 563
What are the prime factors of 864?
2, 3
List the prime factors of 5375.
5, 43
What are the prime factors of 10029?
3, 3343
What are the prime factors of 8945?
5, 1789
What are the prime factors of 11357?
41, 277
What are the prime factors of 2780?
2, 5, 139
What are the prime factors of 2239?
2239
What are the prime factors of 30642?
2, 3, 5107
List the prime factors of 1537.
29, 53
What are the prime factors of 23297?
23297
What are the prime factors of 25977?
3, 7, 1237
What are the prime factors of 686?
2, 7
List the prime factors of 57908.
2, 31, 467
What are the prime factors of 106652?
2, 7, 13, 293
What are the prime factors of 37374?
2, 3, 6229
What are the prime factors of 5826?
2, 3, 971
List the prime factors of 5846.
2, 37, 79
What are the prime factors of 65435?
5, 23, 569
List the prime factors of 8355.
3, 5, 557
What are the prime factors of 12725?
5, 509
What are the prime factors of 57695?
5, 11, 1049
What are the prime factors of 568?
2, 71
List the prime factors of 12370.
2, 5, 1237
List the prime factors of 52406.
2, 26203
What are the prime factors of 2098?
2, 1049
List the prime factors of 2040.
2, 3, 5, 17
What are the prime factors of 899?
29, 31
What are the prime factors of 50108?
2, 12527
What are the prime factors of 2879?
2879
List the prime factors of 3041.
3041
List the prime factors of 4129.
4129
List the prime factors of 2243.
2243
What are the prime factors of 7902?
2, 3, 439
What are the prime factors of 78723?
3, 8747
List the prime factors of 12442.
2, 6221
What are the prime factors of 5521?
5521
What are the prime factors of 118425?
3, 5, 1579
What are the prime factors of 7774?
2, 13, 23
List the prime factors of 8824.
2, 1103
List the prime factors of 36448.
2, 17, 67
List the prime factors of 6404.
2, 1601
What are the prime factors of 294?
2, 3, 7
List the prime factors of 17303.
11, 13
What are the prime factors of 1827?
3, 7, 29
List the prime factors of 12630.
2, 3, 5, 421
What are the prime factors of 4472?
2, 13, 43
List the prime factors of 1257.
3, 419
List the prime factors of 57697.
57697
What are the prime factors of 840?
2, 3, 5, 7
What are the prime factors of 19503?
3, 11, 197
List the prime factors of 11705.
5, 2341
What are the prime factors of 4277?
7, 13, 47
What are the prime factors of 1845?
3, 5, 41
What are the prime factors of 9405?
3, 5, 11, 19
What are the prime factors of 733?
733
What are the prime factors of 203?
7, 29
What are the prime factors of 277?
277
List the prime factors of 8316.
2, 3, 7, 11
List the prime factors of 4994.
2, 11, 227
What are the prime factors of 1175?
5, 47
What are the prime factors of 590?
2, 5, 59
What are the prime factors of 1361?
1361
List the prime factors of 938.
2, 7, 67
What are the prime factors of 264?
2, 3, 11
What are the prime factors of 2731?
2731
What are the prime factors of 29642?
2, 14821
What are the prime factors of 1325?
5, 53
What are the prime factors of 726?
2, 3, 11
What are the prime factors of 9116?
2, 43, 53
List the prime factors of 5881.
5881
List the prime factors of 469.
7, 67
List the prime factors of 40251.
3, 13417
List the prime factors of 504.
2, 3, 7
List the prime factors of 7775.
5, 311
What are the prime factors of 65284?
2, 19, 859
What are the prime factors of 1327?
1327
List the prime factors of 1139.
17, 67
List the prime factors of 62315.
5, 11, 103
What are the prime factors of 156846?
2, 3, 26141
What are the 